 -3*o = -4*p - 37, 12 - 4 = -2*p. Let d(n) = -n**2 + 11*n - 6. Let h be d(o). What is the highest common divisor of h and 66?
22
Let y = -55 - -55. Suppose -4*d - 21 = -3*u, y*d + 5*d - 70 = -5*u. What is the greatest common divisor of u and 11?
11
Suppose -2*u + 5*s = -689, -u + 352 = 21*s - 22*s. What is the greatest common divisor of 42 and u?
21
Let u = 389 + -253. What is the greatest common divisor of u and 51?
17
Suppose -1004 = -4*h + 3*h - 4*t, 2960 = 3*h - t. Let r be (h/(-240) + 4/(-30))*-8. Calculate the highest common divisor of 272 and r.
34
Let q be 234/52*20/6. Calculate the greatest common divisor of 3 and q.
3
Suppose -5*l + 516 = -364. Suppose 0*k + 80 = 5*k. Suppose k = -c + 2*c. Calculate the highest common divisor of l and c.
16
Suppose 8 = -7*l + 9*l. Suppose l = i - 3. Suppose 111 - i = 4*d. What is the highest common factor of 39 and d?
13
Let i = -87 + 103. Calculate the highest common factor of 104 and i.
8
Let u be (12 - (-5)/(-1)) + 14. What is the highest common divisor of 231 and u?
21
Let n = 50 + 185. Calculate the greatest common factor of n and 5.
5
Let g be ((-3)/(-2))/(1/12*(-252)/(-448)). Let a(t) = -3*t**2 + t. Let y be a(1). Let x be (1 - -47) + 0/y. What is the greatest common factor of x and g?
16
Let o(n) = -19*n + 149. Let p be o(7). What is the highest common divisor of 368 and p?
16
Suppose 50 = 3*y + 2*h, -3*h - 2 = -2*h. What is the highest common divisor of 30 and y?
6
Let x(u) = -u**2 + 39*u + 4. Let v be x(39). Suppose 3*l - 30 = -2*l. Calculate the highest common factor of l and v.
2
Let a = 0 - -4. Suppose t + 40 = 2*f - 2*t, 74 = a*f - 3*t. Suppose -33 = 5*k - 118. What is the greatest common divisor of k and f?
17
Let b be (-96)/(-7) - (-2)/7. Suppose 68*z - 12*z = 3136. What is the greatest common divisor of b and z?
14
Let g be -4*350/(-80)*3*12. Calculate the highest common factor of 42 and g.
42
Suppose -3*u + 2 = -16. Suppose -5*i + 12 = -3*k + 5*k, 4*i - u = 2*k. Let r(o) = -o**2 + o + 1. Let c be r(k). What is the greatest common factor of 5 and c?
1
Let s(v) = v**3 - 24*v**2 - 2*v + 54. Let q be s(24). Let c = 38 - 14. What is the greatest common divisor of q and c?
6
Let z = 2596 - 1824. Suppose 2*w + w - 577 = 2*n, 4*w - z = 2*n. What is the greatest common divisor of 39 and w?
39
Suppose 4*l = 2*a - 37 + 15, -2*a = 5*l + 14. Suppose 34 = a*y - 128. What is the greatest common divisor of 36 and y?
18
Suppose 14 + 36 = 5*o. Let k(s) = -s**2 - 18*s + 23. Let l be k(-17). Calculate the highest common divisor of l and o.
10
Let q(r) = -10*r**3 - r**2. Let j be q(-1). Suppose -x + 34 + 17 = 3*k, 4*x - 3*k = 264. Calculate the greatest common divisor of x and j.
9
Let q = 2000 + -1957. Calculate the highest common divisor of 344 and q.
43
Let o = -8 + 11. Let p be (o/4)/((-9)/(-72)). Let i = 28 + -10. Calculate the highest common divisor of p and i.
6
Suppose -49*f = -65*f + 6432. Calculate the highest common factor of f and 6.
6
Suppose -33*s = -15*s - 576. What is the greatest common factor of 64 and s?
32
Let n be 1/(-4) + (-10)/(-8). Suppose 6*x + 35 - 11 = 0. Let u be (x/(-3))/((-100)/(-45) - 2). What is the highest common divisor of u and n?
1
Suppose -n - 2*n - 4*i = -904, 5*i = -2*n + 598. What is the highest common divisor of 684 and n?
76
Suppose 0 = 3*n - n + 68. Let y = n - -64. Calculate the highest common divisor of 60 and y.
30
Suppose -3*a = b - 13, -a + 13 = a + 5*b. Suppose 3*z - k - 4*k - 93 = 0, -a*z + 5*k = -119. What is the greatest common factor of 286 and z?
26
Suppose 27*c - 690 = -231. Let f = 170 - 17. Calculate the greatest common factor of f and c.
17
Suppose r + p - 25 = -r, 16 = 2*r + 4*p. Calculate the highest common factor of r and 4.
2
Let r(z) = -z**2 - 4*z - 1. Let w be r(-3). Suppose 66 = w*d - 46. Calculate the highest common divisor of d and 7.
7
Let b = 4517 + -4511. Suppose 4*s = -s + 75. What is the greatest common factor of s and b?
3
Let v(d) = d**2 + d - 1. Let a be v(-5). Let p(c) = -c**2 - 3*c + 22. Let f be p(-14). Let j = 341 + f. What is the highest common factor of j and a?
19
Let b = -267 - -727. What is the highest common divisor of 20 and b?
20
Let x = 99 + -69. Let z be 20/30 - (-62)/(-3). Let d be -5*(44/z - -1). What is the greatest common divisor of x and d?
6
Let i(n) = 5*n + 4. Let r be i(-5). Let p be (-72)/(-14) - (-3)/r. Suppose p*g = -5*h + 8 + 37, 4*g = 2*h - 30. What is the greatest common divisor of 99 and h?
11
Let u = 25 - -129. Suppose 0 = -3*r + k - 22, -k + 4*k - 26 = 4*r. Let s = 6 - r. What is the highest common factor of u and s?
14
Suppose 2 = -2*p, 5*t + 2*p = -0*t + 88. What is the highest common divisor of 72 and t?
18
Suppose 2*j - 3*d = 32, -30*j + 32*j = -5*d + 32. Let g(u) = 3*u - 4 - 1 - 2. Let h be g(5). What is the greatest common divisor of j and h?
8
Suppose -6*b = -7*b - 2*w + 20, w = 5. Calculate the greatest common divisor of 100 and b.
10
Let s be 0 - -1 - (3 + -7). Suppose -2*n = s*n - 70. Calculate the greatest common factor of n and 25.
5
Let a = 103 + -67. Suppose 3*b + 2*f - 1083 = -f, 2*b + 3*f - 723 = 0. Calculate the greatest common divisor of a and b.
36
Let x = 1149 + -1056. Calculate the highest common factor of x and 9.
3
Let y(b) = -38 + 48 - b + 74. Suppose 11*s = -2*s. Let r be y(s). Calculate the highest common factor of r and 12.
12
Let l be 6/(-20) - 6825/(-250). Calculate the greatest common factor of l and 189.
27
Let a(j) = -j**3 + 32*j**2 - 2*j + 74. Let u be a(32). Let c(t) = t**2 + 3*t - 8. Let k be c(-6). Calculate the greatest common divisor of k and u.
10
Let j(i) = -i**2 - 17*i - 13. Let b be j(-13). Suppose -6*p = -3*p - b. Calculate the highest common divisor of p and 117.
13
Suppose 0*l + 2*w + 4 = 3*l, 4*w = 5*l - 6. Suppose q = -0*q + t + 9, 4*t - 6 = -l*q. Calculate the greatest common divisor of q and 28.
7
Suppose 0 = -5*o + 3 + 7. Let g be (4 - -25*o) + 0. Calculate the highest common divisor of 6 and g.
6
Suppose 0 = -5*k + 65 - 5. Suppose -k = 3*j - 54. What is the highest common divisor of 98 and j?
14
Let a be 5*-2*1/(-10). Suppose 3 = z - a. Let o(b) = 5*b**2 - b. Let h be o(1). Calculate the highest common factor of h and z.
4
Suppose -228 = 7*f - 46. Suppose -3*p - 5*q = -8*p + 190, -4*p = -q - 137. Let x = p + f. Calculate the greatest common factor of x and 56.
7
Let o be 1/(-3) - (-8)/6. Suppose 4*m - 3*q = 15, -8*q + 3*q - 25 = -5*m. Suppose 0*n + n - 1 = m. What is the greatest common factor of o and n?
1
Let w be (9 + 0)*(16 + -15). Let p = 36 + 9. What is the greatest common factor of p and w?
9
Let i(a) = a**2 - 4*a + 1. Let v be i(4). Suppose 0 = -3*b + 131 + v. What is the greatest common divisor of b and 110?
22
Let x(m) = -m**3 - 3*m + 45. Let c be x(0). What is the greatest common factor of c and 855?
45
Let w(i) = 2*i**2 + 2*i + 1. Let j be w(-1). Suppose -5*u - j = -66. Suppose u = 2*s - s. Calculate the greatest common factor of 52 and s.
13
Suppose -12*u - 19*u + 10013 = 0. What is the greatest common divisor of u and 19?
19
Let v = -181 + 311. What is the highest common divisor of 60 and v?
10
Suppose -z + 10 = 7. Suppose z*p + 34 = x + 8*p, -4*x = -4*p - 16. Suppose 0 = -3*y + 3*n + 18, 0*n + 2*n = -2*y. What is the greatest common factor of x and y?
3
Suppose -5*h = 5*t, -5*h + 0 = 4*t + 5. Suppose -t*j + 13*j - 2376 = 0. Calculate the highest common factor of 33 and j.
33
Suppose 4*w - 41 = 5*f - 179, 2*f + 4*w = 72. Let k be (-16)/10*30/(-4). Calculate the highest common factor of k and f.
6
Let z = 2 + 3. Suppose -2*y - 26 = -5*i - 0, 20 = 5*i - z*y. Suppose 0 = -0*w - 3*w + i. Calculate the greatest common factor of w and 1.
1
Let p be (-5)/(-2)*(-24)/(-20). Suppose x = p*m + 12, 19 = -4*x + 4*m + 67. Calculate the highest common factor of 3 and x.
3
Let j(u) = 3*u - 63. Let z be j(23). Suppose 19 = a - 47. What is the greatest common divisor of a and z?
6
Let y(v) = 3*v**2 + 8*v - 11. Let b be y(5). Suppose -p + 5*z = -20, -4*p - 4*z + 0*z = -b. Calculate the highest common factor of 225 and p.
25
Suppose -101*v = -8*v - 558. Calculate the greatest common factor of 522 and v.
6
Let s = 19 + -9. Suppose -4*z + s = 2. Suppose -2*o = -3*t + 89, 3*t - 25 = z*t - 4*o. Calculate the greatest common factor of 319 and t.
29
Let x(